e m(-2).
-7
Let h be 1*(-2)/(-3)*3 + -10. Let b(p) = p**2 + 7*p + 5. Calculate b(h).
13
Suppose f - 4*x - 135 = 6*f, -2*x = 0. Let u be 1/(6/4*3/f). Let q(t) = -1. Let r(a) = a**2 + 7*a + 10. Let h(z) = 3*q(z) + r(z). Determine h(u).
1
Let y(l) = -l + 4. Let x = 20 + 4. Let h = x + -22. Suppose -h*u = -8 - 4. Determine y(u).
-2
Let x = -4 + 7. Let m(b) be the third derivative of -b**5/60 + b**4/24 - 2*b**3/3 - 320*b**2. Determine m(x).
-10
Let b(r) = -155*r + 4. Let k(a) = 26*a - 1. Let w(j) = -b(j) - 6*k(j). Suppose -1 + 5 = -i. Determine w(i).
6
Let m(q) = 6*q**2 + q. Let x be m(1). Suppose 21*k - 24*k = -30. Let d = k - x. Let u(y) = 3*y. Calculate u(d).
9
Let v(y) = -y**3 - 8*y**2 - y - 3. Let u be v(-8). Suppose -5*t + u = -0*t. Suppose -2*a - 13 + t = 0. Let s(w) = w**3 + 6*w**2 - w - 2. What is s(a)?
4
Let j(v) = 406 - 815 - v + 418. What is j(-8)?
17
Let c(p) = -p**3 - 4*p**2 + 2. Suppose -5*i = -8 - 2. Let v = -64 + 40. Let s be 1*(v/4)/i. Give c(s).
-7
Suppose 0 = 3*d + 71 - 5. Let t be d/(-8) + (-24)/32. Let n(w) = -6*w + 3. Give n(t).
-9
Let v(j) be the second derivative of -1/20*j**5 - 1/3*j**4 - 3*j**2 + 0 - 2/3*j**3 + 7*j. Suppose 3*b - b + 8 = 0. What is v(b)?
10
Suppose -5 = 2*x + 5*j, -2*j + 24 = 3*x - 5*j. Let a(t) be the second derivative of -t**5/20 + 5*t**4/12 + 5*t**2/2 - 2*t. Determine a(x).
5
Let v be 4/16 + (-18)/8. Let h(u) = -u**3 + u**2 + 3*u + 1. Give h(v).
7
Let h(b) be the third derivative of -b**5/60 + b**4/8 - b**3/6 - 3*b**2. Let f(k) = 3*k + 1. Let i be f(1). What is h(i)?
-5
Suppose -9*g = -12*g - 30. Let m(b) = b**2 + 10*b - 6. Give m(g).
-6
Suppose 3*j - 4*j = -5*a - 8, 5*j - 11 = -4*a. Let d(x) = -13 - 2*x**3 + 2*x**2 - 7 + 19 + 4*x**3. Determine d(a).
-1
Suppose 4*h + 9 = -2*m + 3, 4*m - 5*h - 53 = 0. Let a(k) = -k**3 + k**2 - k - 1. Let w(b) = -6*b**3 + 11*b**2 + 5*b - 13. Let p(q) = -5*a(q) + w(q). Give p(m).
13
Let r(d) = 630 - 16*d**3 - 624 + 17*d**3 - 4*d. What is r(-3)?
-9
Let j(x) = 1 + 14*x - 19*x + 6*x. Let s be -5 - 5/(-5)*(2 - 0). Calculate j(s).
-2
Let r(o) = 9*o + 42. Suppose 89*m = 70*m - 95. Determine r(m).
-3
Suppose -5*b - 15 = -45. Suppose 2*c + 2*r - 4 = 0, -3*c + 1 + 1 = 4*r. Let m(d) = d - 5*d + 2*d + c - 3. Give m(b).
-9
Let f = 45 - 17. Suppose -5*k + 63 = f. Let l(j) = -j + 8. Calculate l(k).
1
Let o(l) = l**3 - 2*l + 3. Suppose -3 = -3*j + 3. Determine o(j).
7
Let y(a) be the second derivative of a**5/20 + 5*a**4/6 - 5*a**3/3 - 10*a. Suppose -3*z + v - 33 = 0, 5*v - 4*v = -z - 11. Determine y(z).
-11
Let a(n) = -17*n - 5. Let p(h) = -10*h - 3. Let l(j) = -3*a(j) + 5*p(j). Suppose -3*y = 3*b - b - 25, -y = -5. Give l(b).
5
Let l(p) = -7 + p - 4*p - p. Let g(q) = 1. Let v(a) = 5*g(a) + l(a). Determine v(2).
-10
Let f(u) be the third derivative of u**8/20160 - u**7/1260 + u**6/180 - u**5/12 + 21*u**2. Let j(x) be the third derivative of f(x). Give j(4).
4
Let f(g) = g**3 + 4*g**2 + 2*g - 2. Suppose a + 20 - 8 = 0. Let r = a - -14. Suppose 3*x = -2*s - 19, -r*x + 2 = -3*s + 6. Calculate f(s).
2
Let j(x) = -3*x + 17. Let d be (-2)/6 + -1 + 125/15. Determine j(d).
-4
Let l(j) = -j**3 + 20*j**2 - 35*j - 14. Let p be l(18). Let s(o) be the third derivative of 7*o**2 + 0*o - 1/2*o**3 + 1/60*o**5 + 1/8*o**p + 0. Give s(-3).
-3
Let i = 16 - -19. Suppose -c + l = -8, l + i = 4*c - 4*l. Let s(n) = -2*n - 2. Determine s(c).
-12
Let b(l) be the first derivative of -l**2/2 + 3*l + 17. Let c(r) = 2*r**2 - 4*r. Let w be ((-6)/(-7))/(2/7). Let z be c(w). Give b(z).
-3
Let d(v) be the first derivative of v**4/4 + 10*v**3/3 - 11*v**2/2 - 15*v + 162. Give d(-11).
-15
Let c(q) = -q**2 + 3*q - 6. Let i = 107 - 244. Let z = -133 - i. Give c(z).
-10
Suppose -2 = f + 1. Suppose -20 = -w - 9*w. Let n(y) = 0*y + 0*y + 1 - y**w + 0. Determine n(f).
-8
Let l(m) = m**2 - 10*m + 357 - 118 - 119 - 118. Give l(7).
-19
Let s = 64 - 69. Let p(c) = 2*c**2 + 6*c - 3. Let h(l) = -2*l**2 - 6*l + 3. Let x(q) = -3*h(q) - 4*p(q). Determine x(s).
-17
Let h(w) = -w**3 - 7*w**2 + 2*w - 3. Suppose -3*n = -4*y + 2*y - 23, 5*n = -2*y + 1. Determine h(y).
-17
Let m(q) = -4*q + 3. Let v = 12 - 14. Let p(j) = -2*j + 1. Let i(x) = v*m(x) + 5*p(x). Give i(-2).
3
Let w(n) = 0*n**2 - n**2 + 0*n**2 + 0*n + 5*n. Suppose -2*m = -5*z + 120, 5*m - 54 = 5*z - 189. Let k = z - 18. Determine w(k).
4
Let m(x) = -4*x**2 + 8*x - 13. Let p(u) = 2*u**2 - 4*u + 7. Let s(n) = n**2 - 9*n + 13. Let j be s(6). Let k(v) = j*p(v) - 3*m(v). Determine k(3).
10
Let v(p) = 2*p. Suppose 0 = -g - 3*g + 16. Suppose 0*f + 6 = 3*f, -3*c - 11 = -g*f. Let x be v(c). Let t(w) = 2*w**3 + 4*w**2 + 4*w + 3. Calculate t(x).
-5
Let c(q) = -q**3 + 3*q**2 - 1. Suppose 0 = -3*a - 5*l - 14, -1 = a - l + 1. Let r be 22/10 - a/(-15). Determine c(r).
3
Let s = -32 + 55. Suppose -4*v - 28 = -2*f, -2*f = -3*v - 0*v - s. Let b(m) = -m**2 + 5*m - 5. Determine b(f).
-1
Let x = 29 - 32. Let p be x/(-18) - 4/24. Let v(n) = -n + 3. Calculate v(p).
3
Let t(i) = 4*i**2 + 3*i - i**2 + 1017*i**3 - 5*i - 1016*i**3 - 8*i + 3. Calculate t(-5).
3
Let s = -12 + -38. Let i be s/(-8) - (-2)/(-8). Let m be 12/i - (1 - 0). Let h(n) = -2*n - 1. Give h(m).
-3
Let n(d) = -12*d - 10 + 48*d - 18*d - 17*d. Calculate n(10).
0
Let c(t) = -t**3 + 10*t**2 + 11*t + 4. Let y = 52 + -27. Suppose h - 9*k = -13*k + 23, -k + y = 2*h. What is c(h)?
4
Let f(p) = -12*p - 20. Let q(r) = 6*r + 10. Let o(a) = 4*f(a) + 9*q(a). Let k(c) = -4*c - 7. Let z(w) = -7*k(w) - 5*o(w). What is z(1)?
-3
Let b(f) = -4*f - 5. Let j(t) = t. Let s(i) = b(i) + 5*j(i). Calculate s(7).
2
Let v(r) = -2*r + 2. Suppose 0 = 7*x - 3*x + 12. Let t be (x/(-4))/(15/40). What is v(t)?
-2
Let g(z) be the third derivative of -z**4/4 + 17*z**2. Suppose -2 = -2*h + 4*h. Calculate g(h).
6
Let c = -32 - -35. Let z(o) = 3*o - 5. Let q(k) = -1. Let u(b) = -3*q(b) + z(b). Let d be u(c). Let n(g) = g - 14. What is n(d)?
-7
Let z(l) be the third derivative of 0*l - 2*l**2 + 0 - 1/8*l**4 - 1/2*l**3. Let s(j) = -j**3 + 3*j**2 - 3*j. Let v be s(2). Give z(v).
3
Let b(w) = 9*w**3 - 3*w + 8*w**3 - 2*w - 6*w**2 + 5 - 18*w**3. Determine b(-5).
5
Let n(y) = -5*y. Let q = -4 - -8. Suppose q*j = 3*j - 9. Let u be ((-1)/(-3))/((-1)/j). What is n(u)?
-15
Suppose -5*m = -5*a - 20 + 5, 5*m - 14 = 4*a. Let d(f) = 3*f**3 - m + 42*f - 43*f + 2*f**3 - 7*f**3. Give d(-2).
16
Let q(u) = -u - 1. Suppose -2*g - 2*g = 4. Let h = 5 + g. Suppose -15 = h*d + 9. What is q(d)?
5
Suppose 1 - 15 = 7*a. Let y(h) = -6*h**2 - 4*h - 2. Calculate y(a).
-18
Let d(r) = -9*r + 20. Let v(z) = 15*z - 31. Let l(n) = 8*d(n) + 5*v(n). Determine l(-6).
-13
Let g be (25/(-10))/5*10. Let w(f) be the first derivative of 5*f + 1 - 3/2*f**2 + 4/3*f**3 + 1/4*f**4. Give w(g).
-5
Let t(w) = -4*w**2 + 2*w + 1. Let z = -55 - -45. Let u(c) = -c**3 - 10*c**2 - 1. Let s be u(z). Give t(s).
-5
Suppose 292 - 270 = -22*w. Let d(l) be the third derivative of -1/10*l**5 + 0*l**3 + 0*l + 0 + 1/24*l**4 + 2*l**2. Determine d(w).
-7
Let p(m) be the third derivative of -m**4/8 - m**3/3 - m**2. Let x(t) = -t - 8. Let a be x(-14). Suppose 0 = v - 3*v + a. Calculate p(v).
-11
Let i = 118 - 123. Let f(g) = -3*g - 8. Calculate f(i).
7
Let p(u) = -u**2 + 12*u - 12. Let m = -180 - -190. What is p(m)?
8
Let w be 1/((-1)/10*-2). Suppose 11 = o - 2*c - 10, -5*o - c = -127. Let h(a) = -2 + 23*a - o*a + 1. Calculate h(w).
-11
Let k(r) be the first derivative of -2*r**3/3 - 9*r**2/2 + 284. Determine k(-6).
-18
Suppose h + 3*h - 4*d + 8 = 0, 5*h + d + 16 = 0. Let m(c) be the second derivative of c**3/3 + 2*c. Calculate m(h).
-6
Let q(b) be the second derivative of -b**4/6 - b**2/2 - b. Let h(l) = -4*l - 28. Let w be h(-7). Suppose -3*s + s + 2 = w. Calculate q(s).
-3
Suppose 1 = -j - 4. Let t be j/(-25) + 24/5. Let p(m) = -2*m + t*m - 2*m - 1 + m**3. What is p(-2)?
-11
Let n(d) = -d**2 + 14*d - 12. Let i be n(13). Suppose 0 = -5*a - i - 9. Let b(m) be the first derivative of m**2 - 2*m + 4. Give b(a).
-6
Let q = 484 + -484. Let a(p) = p**2 - p + 42. Calculate a(q).
42
Let x be 23/(92/(-48)) + 6. Let h(n) = -7 + 4 + 2 + 2*n. Calculate h(x).
-13
Let y(f) = 4*f + 11. Let w be y(0). Let d(a) = -a**2 + 10*a + 15. What is d(w)?
4
Suppose -5*d = -2*k - 0*k - 11, 3*d = -4*k + 17. Let m(y) = y + 1. Let r(q) = -2 + 2*q + 2 - 3*q - 2. Let b(z)